is the hundreds digit of u?
4
Suppose -105*c + 114*c + 846 = 0. Suppose d - 6*d - 235 = 0. Let l = d - c. What is the tens digit of l?
4
Suppose 0 = -16*f + 31*f - 75. Suppose 0 = -6*g + f*g + 423. What is the units digit of g?
3
Suppose -2*y = l - 1025, 9*l - 6*l - 500 = -y. Suppose -3*o + 1285 = -y. What is the tens digit of o?
0
What is the ten thousands digit of ((1 - 0)*-1 + -2090)*(-3088)/579?
1
Suppose -67*u = -152131 - 346215. What is the units digit of u?
8
Suppose 4*m = -0*m + 12, 20 = -2*z - 2*m. What is the units digit of (2 - -695) + z/(39/9)?
4
Let y(j) be the first derivative of j**3/3 + 3*j**2/2 + 23*j + 46. What is the hundreds digit of y(-17)?
2
Let m(f) = -14*f**2 - 45*f + 10. Let o be m(-7). Suppose 3*g + 534 = -5*u, g = -4*g - u - 868. Let s = g - o. What is the hundreds digit of s?
1
Let o(y) = -y**3 - 3*y**2 + 7*y + 1. Let l be o(2). What is the tens digit of (13070/(-14))/l - 2/(-7)?
8
Suppose -l + 302 = -3*o, 6*l - 1173 = 2*l + 5*o. Suppose -312 = -x + 3*y, -5*x + l = -4*x + 2*y. What is the hundreds digit of x?
2
Let u be ((-8)/5)/(3/(-1141515)*6). What is the hundreds digit of ((-2)/(-6))/(u/(-14496) - -7)?
2
Let b(t) = 18*t**3 - 7*t**2 + 19*t - 30. What is the units digit of b(5)?
0
What is the hundreds digit of (48/(-42))/(-4) + 7 + 56990/14?
0
Suppose 0 = -2*l - 10 + 6. Let v be 0*3/(-15)*l/4. Suppose 66 = 2*z - w, 4*w + 19 = -v*z + z. What is the tens digit of z?
3
What is the tens digit of 1602/((-18)/(-96) - 0)?
4
Suppose -303 = 2*a - 299. What is the units digit of 2 + a - 2 - (6 - 2029)?
1
Let x be (-10569)/26*4/(-3). Let g = x - 256. What is the tens digit of g?
8
Suppose -263*a - 29986 = -274*a. What is the units digit of a?
6
Suppose 16*q - 2*l - 352 = 12*q, q - 3*l - 88 = 0. Let t = 147 - q. What is the tens digit of t?
5
Let i = 58 + -62. Let q = i + 6. Suppose -q*n = -4 - 92. What is the tens digit of n?
4
Let l = 4142 + 6479. What is the ten thousands digit of l?
1
Suppose -5*t + 0*t = t - 160374. What is the ten thousands digit of t?
2
Suppose 12643 = 7*t + 2031. Suppose -4*g = -2*z + 758, 0*z + 3*g = 4*z - t. What is the hundreds digit of z?
3
Let j be 2 + (2 - 0 - 567/(-21)). Suppose 2450 = j*b - 216. What is the tens digit of b?
8
What is the thousands digit of (-13 + (-481)/(-39))/((-2)/27099)?
9
Suppose 38*m + 2864 = 71*m - 1162. What is the hundreds digit of m?
1
Let x = -184 + 150. Let s be ((-30)/(-4))/(-4 - 83/(-20)). Let w = s + x. What is the tens digit of w?
1
Suppose -30*n = -22*n - 7152. Let g = 1573 - n. What is the hundreds digit of g?
6
Let m(b) = -2*b**3 - 2*b**2 - 13*b - 14. Let k be m(-6). Suppose 5*f = 6*f - k. Suppose 3*y + y = f. What is the units digit of y?
6
Let l(f) = f**3 + 37*f**2 - 13*f - 176. What is the tens digit of l(-31)?
9
Let o(z) = 13*z + z**3 + 13*z + 6 - 50*z + 13*z**2 + 20*z. Let r be o(-13). What is the tens digit of (r - -3)/(3 + (2 - 4))?
6
Suppose -14*w + 2311 = -1301 - 686. What is the tens digit of w?
0
Let i(j) = 28*j**3 + 35*j**2 - 15*j + 30. What is the ten thousands digit of i(7)?
1
Let g(s) = -2*s**2 - 23*s + 12. Let f be g(-12). Suppose -8*t + 3*t + 5520 = 5*b, -4*t + 20 = f. What is the hundreds digit of b?
0
Let d be (-14814)/(-90) + (1 - 6/10). Suppose 0 = -159*x + d*x - 1002. What is the tens digit of x?
6
Let o be ((-8)/(-60)*-3)/((-4)/(-20)). Let w be (3 - (-15)/o)/(12/(-16)). Suppose 38 + 28 = w*c. What is the tens digit of c?
1
Suppose -120 = -8*n + 18*n. Let w be 2/7 - (-3365)/(-35)*n. Suppose -684 = -3*y - 3*u, -5*y + 3*u = u - w. What is the tens digit of y?
3
Suppose -5*d - 2*x = 2*x - 23, 0 = 3*d - 5*x - 36. Suppose 5*s - s - 96 = 0. Suppose d*t - s = t. What is the units digit of t?
4
Suppose 273 - 18545 = -4*v. What is the hundreds digit of v?
5
Let i = -4414 + 4572. What is the units digit of i?
8
Let g = -330 + 339. Suppose g + 375 = 2*a. What is the units digit of a?
2
Suppose 0 = -2*p - 5*s + 1965 + 2093, 2*p + 2*s - 4052 = 0. What is the tens digit of p?
2
Let u = 42 + -41. What is the units digit of (4/u - 6)*-1 + 256?
8
Let f(m) = 2*m + 14. Let h = -63 - -58. Let y be f(h). Suppose -y*q - 288 = -8*q. What is the units digit of q?
2
Let p(n) = n**3 - 3*n**2 - 5*n + 6. Let h be p(4). Suppose -4342 = -239*z + 213*z. Suppose h*r = 3*r - z. What is the units digit of r?
7
Let g(p) = p**3 + 12*p**2 + 15*p - 14. Suppose 2*a - 10 = 3*i, 4*i = a + 2*a - 13. What is the tens digit of g(i)?
5
What is the thousands digit of (2 - 10/4*24/(-30)) + 58761?
8
Let v(j) = -j**2 - 8*j + 4. Let x be v(-6). Suppose -z + 3*z - x = 0. Suppose z*p + p = 153. What is the units digit of p?
7
Let z(t) = -14*t - 4. Let x(v) = -v**3 + 3*v**2 + 3*v - 2. Suppose -8*m = -7*m - 4. Let b be x(m). What is the units digit of z(b)?
0
Let d(q) be the third derivative of 37*q**6/60 - q**5/30 - 7*q**4/24 + 7*q**3/3 + 2*q**2 + 43. What is the hundreds digit of d(2)?
5
Suppose 60 = 2*x - 2*u, -4*x - 4*u = u - 102. Suppose -57 = -4*d + p, -d + 7*p + x = 4*p. Suppose 5*i + 376 = d*i. What is the tens digit of i?
4
Let a(d) = -13*d + 52. Let c be a(4). Let l(b) = 2*b - 6. Let s be l(5). Suppose s*o - 495 + 83 = c. What is the hundreds digit of o?
1
Let r be 2*1/(-6) + 112/48. Suppose 56 = -5*v - 4*n, n - r = -1. What is the tens digit of v/(-1)*(-24)/(-24)?
1
Suppose 0*x + 10 = -2*x - 5*r, -15 = x + 5*r. Suppose -x*u + 528 = -32. What is the units digit of u?
2
Suppose 6 = 2*r - 4. Suppose 12 = -3*j, 2*j - 29 = -r*h - 7. Suppose -9*z + h*z = -180. What is the tens digit of z?
6
Suppose -1748 + 453 = 5*s. Let u = s + 849. What is the units digit of u?
0
Let c be 17174/6 + 2*(-8)/12. Suppose 2*r + c = 3*a, 2*a - 2047 + 133 = -2*r. What is the tens digit of a?
5
Let j(i) = 98*i - 27 - 39 + 108. What is the tens digit of j(6)?
3
Let r be -3 + 3 + 3 + 1. Suppose -r*q - 18 - 14 = 2*m, 0 = -4*q - 3*m - 32. What is the units digit of q*1/(-3)*2037/28?
4
Let a be 1886/14 - 5*(-12)/210. What is the hundreds digit of 45/a - 4054/(-6)?
6
Suppose 6*z = -2*z + 920. Suppose 0 = -c + z + 466. What is the tens digit of c?
8
Let s = -37819 + 57946. What is the thousands digit of s?
0
Let v = 2 - -58. Let o be 3/((v/(-8))/5). Let k(f) = -5*f**3 - 7*f - 5. What is the tens digit of k(o)?
4
Let c be (2 + (-8)/(-12))/(4/6). Suppose 13 = 2*g + 5*u, -u + 39 = -c*g + 2*u. What is the units digit of 176 + 0 - g*(-4)/8?
3
Let f = -12085 - -32777. What is the units digit of f?
2
Let o = -89 + 23. Let h = o + 66. What is the hundreds digit of 2/(-2) - h/3 - -150?
1
Suppose 3*s - 1 - 8 = 5*f, 2*s - 28 = -4*f. Suppose 0 = -s*v - 1980 + 7988. What is the units digit of v?
1
Let x = 109381 + -76470. What is the tens digit of x?
1
Let f(x) = 15*x - 120. Let b be f(8). Suppose b = 5*s + 4*r - 487, -469 = -5*s + 106*r - 104*r. What is the tens digit of s?
9
Let g(o) = 181*o**2 + 28*o + 79. Let p be g(-8). Suppose 0 = h + 8*h - p. What is the units digit of h?
1
Let s(p) = 4*p**2 - p - 7. Let w(z) = -z**2 + z + 1. Let v(m) = s(m) + 3*w(m). Let k be v(4). Suppose -k - 328 = -3*o. What is the hundreds digit of o?
1
Let t = -6 + 8. Let m be -3 - (-3 + 6/t - 132). Suppose 3*u - m = -3*p, -10*u + 5*u = -4*p - 260. What is the units digit of u?
8
Let n = 57 + -61. Let o be -47*(9 + n) - -1. Let b = -148 - o. What is the tens digit of b?
8
Let u(x) = -x - 8. Let j be u(-10). Suppose -14 - 6 = -3*v + 2*b, 0 = -j*b - 8. Suppose 110 - 362 = -v*c. What is the units digit of c?
3
Suppose 348836 + 225264 = 140*k - 263940. What is the units digit of k?
6
Let m(y) = 2*y + 10. Let g be m(-4). Suppose 565 = h - 4*u + 9*u, 0 = 4*h - g*u - 2194. What is the tens digit of h?
5
Let y = -97 + 105. Suppose -4*l - 4*i - y = 0, 5*i - 22 = l + 2*i. Let w(f) = 2*f**2 - 9*f + 6. What is the units digit of w(l)?
7
Let h be 1*6*(-3)/6. Let x(p) = -109 + 10*p + 316 - 104 - 116 - 31*p. What is the units digit of x(h)?
0
Let n be -2*(-1)/2 - (-100 + 98). Suppose -3*r - 613 = n*w - 4792, r - 1387 = 5*w. What is the units digit of r?
2
Let o = 85 - 73. Suppose -o*v + 474 = -2478. Suppose 241 = 2*u + 3*x, -3*u = -u + 4*x - v. What is the tens digit of u?
1
Suppose -150*n + 120 = -142*n. What is the tens digit of 81/6*1790/n?
1
Let x(h) = -3*h**2 + 0 - 5*h**3 - 2 - 6*h + 0. Let s(w) = -w**3 + 28*w**2 + 60*w - 2. Let c be s(30). What is the 